 + 23, -2*n = v - 4. Let m = v - -4. What is the tens digit of m?
1
What is the units digit of 0 + 6/21 + (-1191)/(-21)?
7
Suppose 2*z - j + 18 = 0, -6 = -j - 2. Let x(f) = f**2 + 5*f - 2. What is the units digit of x(z)?
2
Let d be 8/28 - (-122)/14. Suppose -4*v + d - 1 = 0. Let u(n) = 2*n - 1. What is the units digit of u(v)?
3
Let a be 2/(-1) - (8 - -2). Let t = -5 - a. What is the units digit of t?
7
Let b(y) = -y + 1. Let i be b(-7). Let s(o) = 5*o + 0 - i*o - 3. What is the units digit of s(-4)?
9
Suppose -l - 74 = -3*l. What is the units digit of l?
7
Suppose -26 + 2 = -4*w. What is the units digit of w?
6
Suppose -6*i + 3*i = -9. Let h = i - 4. Let k = 2 - h. What is the units digit of k?
3
Let v = 348 + -58. What is the units digit of v?
0
Let l(d) = d**2 - 10*d + 15. What is the tens digit of l(15)?
9
Suppose 0 = -3*j + 7*j - a - 1306, -1632 = -5*j + a. What is the units digit of j?
6
Let d be 15/10 + 1/(-2). Suppose -o + 14 = -d. What is the units digit of o?
5
Let t(b) = b**3 + 2*b**2 + 4*b + 6. Let s(n) = 2*n**3 + 3*n**2 + 7*n + 11. Let l(i) = -6*s(i) + 11*t(i). What is the units digit of l(4)?
8
Let l = -8 - -12. What is the units digit of 1/l - 330/(-24)?
4
What is the units digit of (3 + -4 + 2)/(1/7)?
7
Suppose -k + 3 = 2*r - 30, -2*k - 2*r + 58 = 0. What is the units digit of k?
5
Suppose -3*y + 5*v + 249 = 0, 0 = -5*y - v + 4*v + 415. What is the units digit of y?
3
Let p = 0 - 0. Suppose p*t - 8 = -2*t. What is the units digit of (-36)/(-8) - (-2)/t?
5
Let n = 1 - -1. What is the units digit of (n - -7) + (2 - 1)?
0
Suppose -1 - 63 = -2*o. Suppose -35 - 5 = -4*s + 2*x, -4*s + o = 2*x. What is the units digit of s?
9
Suppose 80 = 5*d - d. Suppose 4*g - d = 4. Suppose -q - 40 = -g*q. What is the units digit of q?
8
Let g(z) = -z**2 + 18*z - 2. Let p be g(18). What is the tens digit of (3/p)/((-8)/112)?
2
Let p = -7 - -11. Suppose 6*z = z, -32 = -p*r + 4*z. What is the units digit of r?
8
Suppose 0 = 5*x - 5*y - 270, 0 = -x - 4*y - 8 + 77. What is the units digit of x?
7
Suppose -5*p = -2*b, 2*p = -2*b + 3*p + 8. What is the units digit of b?
5
Let z = -9 + 24. Let t = 28 + z. What is the tens digit of t?
4
Suppose 5*i - 5*k - 340 = 0, 2*i - i = -4*k + 43. What is the units digit of i?
3
Let i = 3 + 1. Suppose -5*a = -i*a - 15. What is the units digit of a?
5
Suppose 5*r - 1135 = -445. What is the hundreds digit of r?
1
Suppose -2*o = -6*o + 896. What is the tens digit of (-4)/10 - o/(-10)?
2
Let l(j) = -j**2 - 6*j - 4. Let t be l(-4). Let u be (-28)/42 + 34/6. Let p = u - t. What is the units digit of p?
1
Suppose b + 5 = 0, 5*b + 2 = -3*k - 2. Suppose -3*t = -4*c + 8, 20 = -0*t + 5*t. Suppose -c*p + k = -4*p. What is the units digit of p?
7
Let d be 4/(4/(-35)) + 1. Suppose 2*p - 4*a + 3*a = -52, 0 = 2*a - 8. Let q = p - d. What is the units digit of q?
0
Let y = 258 - 162. What is the units digit of y?
6
Suppose 4*r - 5*d = 125, -2*r - 3*d = -8 - 27. What is the units digit of r?
5
Suppose 5*z = 2*z + 9. What is the units digit of z?
3
Let r = 37 + 14. What is the tens digit of r?
5
Let l(y) = 3*y + 1. Let n(t) = -2*t - 2. Let r(d) = 5*l(d) + 6*n(d). What is the units digit of r(5)?
8
What is the units digit of (134/2)/(((-15)/(-3))/5)?
7
Suppose 281 = -5*m + 1721. What is the units digit of m/40*(-20)/(-6)?
4
Suppose 0 = 2*v - 5*l - 0*l - 29, v - 3*l - 16 = 0. Suppose 168 = -r + v*r. What is the tens digit of r?
2
Let i(y) = y**3 - 7*y**2 + 5*y - 2. Let a be i(7). Let f = a - 5. What is the units digit of -1*2 - f/(-4)?
5
Let b = 18 - 13. Suppose -i = -b + 4. What is the units digit of i?
1
Let t(h) = -h - 2. Let i be t(-5). Let u = 81 + -33. Suppose -5*z = b + 3*b - u, -5*z - i*b + 51 = 0. What is the units digit of z?
2
Let f(z) be the second derivative of 0 + 4*z**2 + 1/6*z**3 + 2*z. What is the units digit of f(-4)?
4
Suppose 2*w + w + 18 = 0. What is the tens digit of w/15 + 57/5?
1
Suppose 0 = -3*r + 14 + 1. Suppose 9 = r*x - 26. What is the units digit of x?
7
What is the tens digit of (0 + -3)/((-3)/184)?
8
Let s(g) = -g**3 - 12*g**2 - g + 8. What is the tens digit of s(-12)?
2
Let t(s) be the third derivative of -2*s**2 + 0 + 0*s**3 + 0*s - 11/24*s**4. What is the units digit of t(-1)?
1
Let s be 11230/150 + 4/30. Suppose -s = -4*x + 45. What is the tens digit of x?
3
Let x(u) = -u**3 + 4*u**2 + u. Let t be x(4). Let s(y) = -t*y + 9*y + 4*y**3 - 3*y**3 + 8*y**2 - 6. What is the units digit of s(-7)?
8
Let l(b) = 9*b + 1. Let q(i) = 5*i + 1. Let c(s) = 4*l(s) - 7*q(s). Let x be c(-5). What is the units digit of 4*((-2)/x - -1)?
5
Let j = -6 + 8. Let r(f) = j*f**2 - f - 2*f**2 - 18*f**3 - f**2. What is the tens digit of r(-1)?
1
Suppose -4*v + 5*g + 249 + 20 = 0, 2*g = -5*v + 328. What is the tens digit of v?
6
Let v = -3 - -8. Suppose -v*l + l = -236. What is the tens digit of l?
5
Let v = -15 - 2. Let w = v - -25. Suppose 2*s = 5*g + w + 12, -4*g + 8 = 0. What is the tens digit of s?
1
Let a(d) = d**3 - d**2 + d - 1. Let y be a(3). Suppose -z = -2*k + y, -5*k + 0*z + 3*z = -52. Suppose 3*q - k = -q. What is the units digit of q?
2
Let g(a) = 3*a**2 - a. Let c be g(1). Suppose -2*v + 22 = -4*y, -4*y = 2 + c. What is the units digit of v?
9
Let q be (-10)/(-4)*72/60. Suppose -2*c - 2*c = 5*g - 157, q*g + 4*c - 99 = 0. What is the units digit of g?
9
Let r(i) = 3*i**2 + 3*i - 7. What is the hundreds digit of r(6)?
1
Suppose 34 = 4*z + 10. Let q be -1 + -1 + (-12)/6. Let b = z - q. What is the units digit of b?
0
Let o = -11 - -10. Let i(g) be the first derivative of 19*g**3/3 + g**2 + g + 2. What is the units digit of i(o)?
8
Let t = 63 + -20. What is the units digit of t?
3
Let s = -9 - -14. Let o = 9 - s. What is the units digit of o?
4
Let r(n) = -n**2 - 8*n - 6. Let i be r(-7). What is the units digit of (-1)/(24/27 - i)?
9
Suppose 3*s - 27 = -3*p, -s = 4*p + 1 - 10. Suppose 0 = -h + 4*h. Let b = s - h. What is the units digit of b?
9
Let y = -110 + 162. Suppose 6*b = 8*b - y. What is the units digit of b?
6
Suppose 0 = -t - 0*t + 2*d + 21, -d = -4*t + 63. Suppose t = -5*o + 190. What is the tens digit of o?
3
Suppose -3*b + 30 = -b. What is the units digit of b?
5
Let d(x) = -x**2 - 7*x + 5. Let r be d(-7). Suppose -r*o - h = -5, -4*o - 5*h - 17 = -0*o. What is the units digit of o?
2
Suppose 3*k + 9 = 0, -60 - 9 = -3*m - 4*k. What is the units digit of m?
7
Let y be -10 - -10 - (-1 - -2). Let h(s) = 7*s - 4. Let k be h(3). Let n = k - y. What is the units digit of n?
8
Let z(a) = 23*a**2 + 2*a + 2. What is the units digit of z(-1)?
3
Let l = 7 + -7. Let d(b) = b**2 - 4*b + 3 + 5*b - b**3 + 4. What is the units digit of d(l)?
7
Suppose 3*m + i - 5 = 3*i, -i = 4*m - 3. Let q = 5 + m. What is the units digit of q?
6
Suppose 2*r + 37 - 111 = 0. Suppose -21 = -3*d - 6. Suppose -d*h - f + 13 = -7, 4*h + 5*f - r = 0. What is the units digit of h?
3
Suppose -2*a + 59 = -5*g, 0 = -a + 3*g - 8*g + 7. Let y = a - -17. What is the units digit of y?
9
Let a be (-30)/4*12/15. What is the units digit of (-3)/(a/8) + -2?
2
Let w(p) = 11*p - 7. Let v(y) = -5*y + 4. Let x(t) = -9*v(t) - 4*w(t). What is the units digit of x(10)?
2
Let q(y) = -5*y + 3. Let d be q(-7). Let p = -24 + d. What is the tens digit of p?
1
Suppose 0*s = 3*q + 4*s - 667, 0 = -q - 4*s + 233. What is the units digit of q?
7
What is the units digit of (-1)/(1/(-45)) + -3?
2
Suppose 5*u + 0 + 5 = 0. What is the tens digit of (0 - u)*(1 + 20)?
2
Suppose 317 = 6*f - 115. What is the units digit of f?
2
Let u = 168 + -96. Suppose 0 = -2*a - 2*a + u. What is the units digit of a/4 + (-1)/(-2)?
5
Suppose 4*s - 30 = 3*z, -2*s - 2*s - 2*z = -20. Let g be -1 + s/4*-4. Let u(h) = h**2 + 6*h - 2. What is the units digit of u(g)?
5
Let f be 2/((-16)/(-12))*2. Suppose -13 = -f*j + 2*j. What is the tens digit of j?
1
Suppose 5*y + 4*u - 20 = -58, -4*u = -5*y - 22. Let a be ((-9)/y - 1)*0. Let s = 2 + a. What is the units digit of s?
2
Suppose 4*h = 2*r + 18, 4*r - 48 = -4*h - 0*h. What is the units digit of h?
7
Suppose 4*q - a - 12 = a, 0 = -3*q - 2*a + 2. Suppose -q*x + 14 = 5*y, -19 = -5*y + 5*x + 16. Let w = -3 + y. What is the units digit of w?
1
Suppose 4*r + 5*d = -40, 0 = -3*r - 0*d - 4*d - 31. Let q(h) = -h**2 - 8*h + 3. What is the units digit of q(r)?
8
Sup